- b*j - 47 = 0. Calculate the greatest common factor of 188 and o.
47
Let n = 5061 + 7729. Calculate the greatest common divisor of 10 and n.
10
Let h(m) = -m**2 + 8*m - 16. Let i be h(3). Let a be ((-304)/(-57))/(i/(27/(-6))). Calculate the greatest common factor of a and 15.
3
Suppose 3*j + 180 = 2*z, z - 3*z - j = -196. What is the greatest common factor of z and 1368?
24
Let d = 33 - 19. Suppose 5*y - 784 = 1796. Let v = y - 418. What is the highest common divisor of d and v?
14
Suppose -4*b + 53 = -u - 173, 4*b - 222 = -u. Suppose 3*m = 4 + 5. Suppose 2*d = 13 + m. Calculate the highest common factor of b and d.
8
Let b(j) = 158*j + 658. Let v be b(6). What is the greatest common divisor of v and 66?
22
Suppose -6*k + k = -990. Let z = -707 + 725. What is the greatest common factor of z and k?
18
Suppose -19*b - 45*b - 5468 = -173276. Calculate the greatest common divisor of 6 and b.
6
Let a = 10 - 13. Let b be 2*a/6*-4. Suppose 0 = b*o - 125 - 99. What is the highest common divisor of o and 8?
8
Let w(i) = 5*i**2 - 21*i + 22. Let n be w(9). Let h be (-18)/12 - -2 - n/(-4). Calculate the highest common factor of h and 12.
12
Let h = -10595 - -10636. Calculate the greatest common divisor of h and 3485.
41
Suppose -11*x = -13*x + 2*o + 74, -x = o - 33. What is the highest common divisor of x and 413?
7
Suppose 7*d = 27*d - 10440. Calculate the greatest common divisor of d and 72.
18
Suppose 0 = 5*v - 4*i - 180, -54 = -2*v - 0*i - 2*i. Let p be (-252)/(-882) - (-1454)/7. Calculate the highest common factor of v and p.
16
Suppose 30 = c - s, -5*s - 69 = -3*c + c. What is the greatest common divisor of c and 72?
9
Let g(x) = 438*x - 1624. Let f be g(4). Let r(k) = -k**2 - k + 1. Let t be r(3). Let b = 5 - t. What is the highest common divisor of b and f?
16
Let p(z) = 79706 - 3*z - 79491 - 4*z. Let v be p(29). What is the greatest common factor of 300 and v?
12
Let q = -33 + 5. Let w be (196/q)/(165/83 - 2). What is the greatest common factor of w and 249?
83
Suppose -4*s + 6 = -s. Suppose s*p + 28 = 146. Suppose g - p = -4*w, -g + 5 = 10. What is the greatest common divisor of 16 and w?
16
Suppose -7*v + 2*v = -20. Suppose -v*j - 4*w - 26 = -94, -4*w = -5*j + 58. Suppose 91 = 2*i - 49. What is the greatest common divisor of i and j?
14
Let h(m) = -2*m**2 + 84*m + 62. Let n be h(19). Calculate the greatest common divisor of 90 and n.
18
Let a = 113 + -111. Suppose 179 + 131 = 2*u. Suppose 4*z = -2*r + 72, 5*r + z + 4*z - u = 0. Calculate the greatest common factor of a and r.
2
Let g be 9/(54/8) - (-6834)/18. Let j = 414 - g. Calculate the highest common divisor of 11 and j.
11
Suppose -j = 3, -21 = 3*v - 5*j + 6*j. Let r be (2 + v/4)*(-3 - -29). Suppose -5*s + 123 = r. Calculate the highest common divisor of 176 and s.
22
Let p = 282 - 290. Let k be (720/108)/(p/(-18)). Calculate the highest common divisor of k and 105.
15
Let b(u) = u**3 + 8*u**2 - 16. Suppose -5*t - o - 45 = -3*o, 9 = -t + 3*o. Let j be b(t). Let w = 120 - j. What is the greatest common divisor of w and 31?
31
Let n = 545 - -341. Let p = n + -626. Calculate the greatest common divisor of p and 78.
26
Suppose 5*k + 5*j - 130 = 0, -4*j + 203 = 18*k - 293. Calculate the greatest common divisor of 206 and k.
2
Suppose -26*p = 2*p - 24799 - 10285. What is the greatest common divisor of p and 179?
179
Suppose j + 142 = 3*x, 0 = -5*x + 3*j + 151 + 83. Suppose x - 98 = -g. Calculate the greatest common factor of 2 and g.
2
Let m be (20/9 - (-2)/(-9))*225/5. Suppose -2*g + 4*g - 212 = -4*j, -224 = -4*j + 4*g. Calculate the greatest common divisor of m and j.
18
Suppose -a + 5*a + 820 = 4768. What is the highest common factor of 84 and a?
21
Let c = -26860 - -27568. What is the highest common factor of c and 531?
177
Let h = -5958 + 6000. Calculate the highest common factor of h and 1778.
14
Let j(r) = r**3 + 3*r**2 - 277*r + 854. Let a be j(3). Suppose 0 = 2*k - 11 - 45. Calculate the greatest common factor of a and k.
7
Let m(t) = -t**2 - 6*t + 35. Let p be m(-8). Let i(o) = 21*o + 7. Let j be i(6). Calculate the greatest common divisor of p and j.
19
Let k be 101 - 97 - (-734)/2. Calculate the highest common divisor of 56 and k.
7
Let q be (-127517)/((-340)/20) - 3. What is the greatest common divisor of 46 and q?
46
Let m(u) = -51*u + 5. Suppose 3 = 5*p - 12. Let o(v) = -v**2 + 5*v - 10. Let k be o(p). Let a be m(k). What is the highest common divisor of 19 and a?
19
Let i = -52 - 519. Let x be i/(-3) + (-3)/9. What is the highest common factor of 38 and x?
38
Let r = -61 - -63. Suppose 10*i + r*i = 468. What is the highest common divisor of 273 and i?
39
Let a(y) = 40*y**3 + 7*y**2 - 11*y + 12. Let h be a(3). Calculate the greatest common divisor of 528 and h.
66
Let f(n) = -3*n - 3. Let r be f(-3). Let h = -10 + 154. Suppose 57*m + h = 63*m. Calculate the highest common factor of r and m.
6
Let l be 6*(-5)/(-10) - -96. Suppose -13*z + 20 = -11*z. Suppose 19 = b + z. What is the greatest common factor of b and l?
9
Let q = 94 - 74. Let a(l) = 2*l**2 + 37*l - 56. Let s be a(-20). What is the greatest common divisor of q and s?
4
Suppose -3*i = -2*n + 13105, 33*n - 3*i = 34*n - 6575. What is the highest common divisor of n and 80?
80
Suppose 66*n - 299 = 2473. Calculate the highest common factor of n and 742.
14
Suppose -338 - 157 = -5*w. Let b = 827 + -519. Let v = b - 299. What is the highest common factor of w and v?
9
Let y = 3534 - 1110. Suppose 7*x + 394 = y. Calculate the greatest common divisor of x and 29.
29
Let a = -57 + 73. Suppose 2*r - 4 + a = 0. Let d be r/(-7)*(177 + 0 + -2). What is the highest common factor of 60 and d?
30
Let x = 39 + -17. Suppose 5*c = -6*o + 453, 4*c - 11*o + 12*o - 389 = 0. Calculate the highest common factor of x and c.
11
Let w(d) = d**2 - 29*d - 578. Let k be w(-14). What is the greatest common divisor of 3084 and k?
12
Let v(t) = 45*t + 1. Let d be v(1). Let x = d - 33. Let y(p) = p**3 - 11*p**2 - 20*p - 6. Let k be y(x). What is the highest common factor of k and 9?
9
Suppose 1102*l - 1887*l + 35325 = 0. Let r = 171 - 117. What is the greatest common factor of r and l?
9
Let s(a) = 28*a**2 - 140*a + 195. Let r be s(2). Suppose 0*h = -4*o - h + 256, 3*o + 2*h = 197. Calculate the highest common factor of o and r.
9
Let i be ((-4)/(96/(-30)))/((-3)/(-2448)). Suppose -2*c = -12*c + i. Calculate the greatest common divisor of c and 51.
51
Let r(m) = 23*m**2 - m - 1. Let h be r(3). Let d(u) = -366*u**3 + 4*u**2 - 3*u. Let q be d(1). Let p = q - -394. What is the greatest common factor of h and p?
29
Suppose -11*h + 6*h - 10 = 0, 3*h = -2*t + 48. Suppose -14*l = 57 - 1. Let r be (-4)/(l/137) - (3 - 1). Calculate the highest common factor of r and t.
27
Let v = 17869 + -15965. Calculate the greatest common divisor of v and 560.
112
Suppose 2*y + 3*m - 562 = 0, -6*y + 5*m - 841 = -9*y. Suppose 4*o - 12 = 0, 0*o - 4*o + 135 = 3*z. What is the greatest common factor of z and y?
41
Let g = 21287 + -21091. Calculate the greatest common factor of g and 1204.
28
Let o(r) = -52*r - 42. Let b(f) = -6*f**2 - 3*f - 3. Let z be b(-1). Let j be o(z). What is the highest common factor of j and 162?
54
Let t(m) = 5*m**2 + 25*m + 3. Let k be t(-5). Suppose k*d - 141 = w + 2298, -4076 = -5*d - 2*w. What is the greatest common divisor of 37 and d?
37
Let w(n) = n**2 + 29*n + 120. Suppose -7*g + 50 = -9*g. Let r be w(g). Calculate the greatest common factor of 740 and r.
20
Let z = 1044 - 303. Calculate the greatest common divisor of z and 429.
39
Suppose 899 = -4*b + 3003. Let d = b - 461. What is the highest common divisor of 10 and d?
5
Suppose 0 = -4*a + 2*a + 4, -3*b - 4*a = -8. Suppose b = 3*j + c - 189, 0 = -j - 4*c + 68 + 6. Let d = j + -60. What is the highest common factor of d and 6?
2
Suppose -5*j = -125*x + 122*x + 1545, -3 = -j. What is the highest common factor of 320 and x?
40
Suppose 8800 = 176*z - 132*z. Calculate the highest common divisor of 280 and z.
40
Let z be (-2225)/(-7) + (-8)/(-56). Let q be z + 6 + 4/4. What is the greatest common factor of 13 and q?
13
Let p be 14/(-42)*-30*268. What is the greatest common divisor of p and 200?
40
Suppose -289146 = -236*y + 93*y. What is the greatest common factor of y and 12?
6
Suppose -3*v - 4